{"id":12361,"date":"2020-01-16T20:00:08","date_gmt":"2020-01-16T19:00:08","guid":{"rendered":"http:\/\/monochrom.at\/blog\/?post_type=tribe_events&#038;p=12361"},"modified":"2022-06-21T13:05:02","modified_gmt":"2022-06-21T11:05:02","slug":"wien-premiere-das-scharlachrote-kraftfeld","status":"publish","type":"tribe_events","link":"https:\/\/monochrom.at\/blog\/live\/wien-premiere-das-scharlachrote-kraftfeld\/","title":{"rendered":"wien-premiere: das scharlachrote kraftfeld"},"content":{"rendered":"<p>wir schreiben das jahr mmdccxli. die leichte panzerfregatte &#8220;erzherzog ferdinand max&#8221; (tegetthoff-klasse), das offizielle kurierschiff des k.u.k. interstellar-regiments hoch- und deutschmeister nummero 4, ist auf dem weg in die tiefen des weltalls&#8230; in viribus unitis, energie!<br \/>\npremiere im rahmen des komm:st festivals. am 16. januar 2020, 19:30, spektakel wien.<br \/>\nweitere termine: 21, 23. und 25. januar 2020.<\/p>\n","protected":false},"excerpt":{"rendered":"<p>Wir schreiben das Jahr MMDCCXLI. Die leichte Panzerfregatte \u201eErzherzog Ferdinand Max\u201c (Tegetthoff-Klasse), das offizielle Kurierschiff des k.u.k. Interstellar-Regiments Hoch- und Deutschmeister Nummero 4, ist auf dem Weg in die Tiefen des Weltalls. Es handelt sich lediglich um eine Routinemission in ein unbewohntes Sternensystem an der Peripherie der Vielv\u00f6lkergalaxie: Ein Geiselaustausch mit unterversorgten und schlecht ausgestatteten Raumkorsaren soll abgewickelt werden. Ein weiteres Puzzlest\u00fcck in der transgalaktischen Appeasement-Politik der Monarchie. Als die \u201eErzherzog Ferdinand Max\u201d in der entmilitarisierten Meteoriten-Zone auf das Korsarenschiff \u201eErzherzog Johann\u201c trifft, scheint alles noch nach Plan zu laufen. Aber k.u.k. Kapit\u00e4nin Silvana, Baronin von Montecuccoli, hat ein schlechtes Bauchgef\u00fchl.<\/p>\n<p>Das KOMM.ST-Theaterkollektiv schickt heuer zwei Raumschiffe ins All und veranstaltet eine Science Fiction-Horror-Space-Opera, in der Raum, Zeit und menschliche Dramen mehr als relativ sind. In viribus unitis, Energie!<\/p>\n<p>Regie: Johannes Grenzfurthner<br \/>\nBuch: Roland Gratzer, Johannes Grenzfurthner, Sebastian Wilhlem<br \/>\nMusik: Roland Gratzer, Hannes Duscher<br \/>\nAusstattung und Kost\u00fcm: Sarah Strauss<br \/>\nDarstellerInnen: Conny Lee, Elisabeth Semrad, Hannes Duscher, Roland Gratzer, Johannes Grenzfurthner, Harald List<\/p>\n<p>AK: 15\u20ac (erm\u00e4\u00dfigt 9\u20ac) VVK: 12\u20ac (erm\u00e4\u00dfigt 7\u20ac)<br \/>\nVorverkaufskarten in allen oeticket-Filialen oder unter www.oeticket.com<br \/>\nErm\u00e4\u00dfigung f\u00fcr Sch\u00fcler, Studenten, Lehrlinge, Pr\u00e4senz- und Zivildiener<\/p>\n","protected":false},"author":2,"featured_media":0,"template":"","meta":{"koromo_page_header":"","_tribe_events_status":"","_tribe_events_status_reason":"","footnotes":""},"tags":[],"tribe_events_cat":[36],"class_list":["post-12361","tribe_events","type-tribe_events","status-publish","hentry","tribe_events_cat-theatre","cat_theatre"],"_links":{"self":[{"href":"https:\/\/monochrom.at\/blog\/wp-json\/wp\/v2\/tribe_events\/12361","targetHints":{"allow":["GET"]}}],"collection":[{"href":"https:\/\/monochrom.at\/blog\/wp-json\/wp\/v2\/tribe_events"}],"about":[{"href":"https:\/\/monochrom.at\/blog\/wp-json\/wp\/v2\/types\/tribe_events"}],"author":[{"embeddable":true,"href":"https:\/\/monochrom.at\/blog\/wp-json\/wp\/v2\/users\/2"}],"version-history":[{"count":3,"href":"https:\/\/monochrom.at\/blog\/wp-json\/wp\/v2\/tribe_events\/12361\/revisions"}],"predecessor-version":[{"id":12367,"href":"https:\/\/monochrom.at\/blog\/wp-json\/wp\/v2\/tribe_events\/12361\/revisions\/12367"}],"wp:attachment":[{"href":"https:\/\/monochrom.at\/blog\/wp-json\/wp\/v2\/media?parent=12361"}],"wp:term":[{"taxonomy":"post_tag","embeddable":true,"href":"https:\/\/monochrom.at\/blog\/wp-json\/wp\/v2\/tags?post=12361"},{"taxonomy":"tribe_events_cat","embeddable":true,"href":"https:\/\/monochrom.at\/blog\/wp-json\/wp\/v2\/tribe_events_cat?post=12361"}],"curies":[{"name":"wp","href":"https:\/\/api.w.org\/{rel}","templated":true}]}}

<p>Wir schreiben das Jahr MMDCCXLI. Die leichte Panzerfregatte „Erzherzog Ferdinand Max“ (Tegetthoff-Klasse), das offizielle Kurierschiff des k.u.k. Interstellar-Regiments Hoch- und Deutschmeister Nummero 4, ist auf dem Weg in die Tiefen des Weltalls. Es handelt sich lediglich um eine Routinemission in ein unbewohntes Sternensystem an der Peripherie der Vielvölkergalaxie: Ein Geiselaustausch mit unterversorgten und schlecht ausgestatteten Raumkorsaren soll abgewickelt werden. Ein weiteres Puzzlestück in der transgalaktischen Appeasement-Politik der Monarchie. Als die „Erzherzog Ferdinand Max” in der entmilitarisierten Meteoriten-Zone auf das Korsarenschiff „Erzherzog Johann“ trifft, scheint alles noch nach Plan zu laufen. Aber k.u.k. Kapitänin Silvana, Baronin von Montecuccoli, hat ein schlechtes Bauchgefühl.</p>
<p>Das KOMM.ST-Theaterkollektiv schickt heuer zwei Raumschiffe ins All und veranstaltet eine Science Fiction-Horror-Space-Opera, in der Raum, Zeit und menschliche Dramen mehr als relativ sind. In viribus unitis, Energie!</p>
<p>Regie: Johannes Grenzfurthner<br />
Buch: Roland Gratzer, Johannes Grenzfurthner, Sebastian Wilhlem<br />
Musik: Roland Gratzer, Hannes Duscher<br />
Ausstattung und Kostüm: Sarah Strauss<br />
DarstellerInnen: Conny Lee, Elisabeth Semrad, Hannes Duscher, Roland Gratzer, Johannes Grenzfurthner, Harald List</p>
<p>AK: 15€ (ermäßigt 9€) VVK: 12€ (ermäßigt 7€)<br />
Vorverkaufskarten in allen oeticket-Filialen oder unter www.oeticket.com<br />
Ermäßigung für Schüler, Studenten, Lehrlinge, Präsenz- und Zivildiener</p>
