{"id":12965,"date":"2022-03-11T19:00:27","date_gmt":"2022-03-11T18:00:27","guid":{"rendered":"http:\/\/monochrom.at\/blog\/?post_type=tribe_events&#038;p=12965"},"modified":"2022-06-21T13:03:12","modified_gmt":"2022-06-21T11:03:12","slug":"the-secret-life-of-art-in-the-wilderness","status":"publish","type":"tribe_events","link":"https:\/\/monochrom.at\/blog\/live\/the-secret-life-of-art-in-the-wilderness\/","title":{"rendered":"The Secret Life of Art in the Wilderness"},"content":{"rendered":"<p>Der K\u00fcnstler und Fotograf Christian Strassegger hat in seinem Garten eine Wildkamera auf die Lauer gelegt und mit ihr den Schatten der Nacht nachgestellt. Das Ergebnis sind eine Fotoserie, die zwischen 2015 und 2019 entstanden ist und der dazugeh\u00f6rige Katalog The Secret Life of Art in the Wilderness.<\/p>\n","protected":false},"excerpt":{"rendered":"<p>Der K\u00fcnstler und Fotograf Christian Strassegger hat in seinem Garten eine Wildkamera auf die Lauer gelegt und mit ihr den Schatten der Nacht nachgestellt. Das Ergebnis sind eine Fotoserie, die zwischen 2015 und 2019 entstanden ist und der dazugeh\u00f6rige Katalog The Secret Life of Art in the Wilderness.<br \/>\nEin 5000 m2-Grundst\u00fcck am Waldrand. Darauf ein Open-Air Kunstparcours. Eine Wildkamera\/Fotofalle. Die Rehe, V\u00f6gel, Hasen, Marder, M\u00e4use, Insekten, Katzen, \u2026 Tag und Nacht. Pixelwork. Meist w\u00e4hrend wir schlafen, tummelt sich das heimische Wild- und Hausgetier auf dem Grundst\u00fcck neben unserer Residenz am Kulm. Die Fotofalle schnappt zu, sobald sich etwas bewegt. Infrarot geblitzt, grob gepixelt, geringe Aufl\u00f6sung. In der warmen Stube dann, das Staunen \u00fcber die anmutigen Tiere. Digitale Nachbearbeitung der gefangenen Beute. Natur und Kunst in einem Bild. Der Versuch, das nat\u00fcrliche und das k\u00fcnstliche zu vereinen.<br \/>\nFotograf<br \/>\nChristian Strassegger sieht die Welt mit den Augen eines kleinen Prinzen auf langen Beinen. Seine Perspektive f\u00e4llt gleicherma\u00dfen auf die Sch\u00f6nheit der Natur, wie auf die Probleme, die unsere Zeit derselben bereitet. Sein Medium ist das Sichtbare. Die Blickpunkte, die er in seiner k\u00fcnstlerischen Fotografie, der Land-Art und den geschickten Installationen feinzeichnet, sind nicht blo\u00df Abbildung, sondern tragen Botschaften in sich, die der Betrachter sublim wahrnimmt.<\/p>\n","protected":false},"author":5,"featured_media":0,"template":"","meta":{"koromo_page_header":"","_tribe_events_status":"","_tribe_events_status_reason":"","footnotes":""},"tags":[],"tribe_events_cat":[40],"class_list":["post-12965","tribe_events","type-tribe_events","status-publish","hentry","tribe_events_cat-exhibition","cat_exhibition"],"_links":{"self":[{"href":"https:\/\/monochrom.at\/blog\/wp-json\/wp\/v2\/tribe_events\/12965","targetHints":{"allow":["GET"]}}],"collection":[{"href":"https:\/\/monochrom.at\/blog\/wp-json\/wp\/v2\/tribe_events"}],"about":[{"href":"https:\/\/monochrom.at\/blog\/wp-json\/wp\/v2\/types\/tribe_events"}],"author":[{"embeddable":true,"href":"https:\/\/monochrom.at\/blog\/wp-json\/wp\/v2\/users\/5"}],"version-history":[{"count":3,"href":"https:\/\/monochrom.at\/blog\/wp-json\/wp\/v2\/tribe_events\/12965\/revisions"}],"predecessor-version":[{"id":12968,"href":"https:\/\/monochrom.at\/blog\/wp-json\/wp\/v2\/tribe_events\/12965\/revisions\/12968"}],"wp:attachment":[{"href":"https:\/\/monochrom.at\/blog\/wp-json\/wp\/v2\/media?parent=12965"}],"wp:term":[{"taxonomy":"post_tag","embeddable":true,"href":"https:\/\/monochrom.at\/blog\/wp-json\/wp\/v2\/tags?post=12965"},{"taxonomy":"tribe_events_cat","embeddable":true,"href":"https:\/\/monochrom.at\/blog\/wp-json\/wp\/v2\/tribe_events_cat?post=12965"}],"curies":[{"name":"wp","href":"https:\/\/api.w.org\/{rel}","templated":true}]}}

<p>Der Künstler und Fotograf Christian Strassegger hat in seinem Garten eine Wildkamera auf die Lauer gelegt und mit ihr den Schatten der Nacht nachgestellt. Das Ergebnis sind eine Fotoserie, die zwischen 2015 und 2019 entstanden ist und der dazugehörige Katalog The Secret Life of Art in the Wilderness.</p>

<p>Der Künstler und Fotograf Christian Strassegger hat in seinem Garten eine Wildkamera auf die Lauer gelegt und mit ihr den Schatten der Nacht nachgestellt. Das Ergebnis sind eine Fotoserie, die zwischen 2015 und 2019 entstanden ist und der dazugehörige Katalog The Secret Life of Art in the Wilderness.<br />
Ein 5000 m2-Grundstück am Waldrand. Darauf ein Open-Air Kunstparcours. Eine Wildkamera/Fotofalle. Die Rehe, Vögel, Hasen, Marder, Mäuse, Insekten, Katzen, … Tag und Nacht. Pixelwork. Meist während wir schlafen, tummelt sich das heimische Wild- und Hausgetier auf dem Grundstück neben unserer Residenz am Kulm. Die Fotofalle schnappt zu, sobald sich etwas bewegt. Infrarot geblitzt, grob gepixelt, geringe Auflösung. In der warmen Stube dann, das Staunen über die anmutigen Tiere. Digitale Nachbearbeitung der gefangenen Beute. Natur und Kunst in einem Bild. Der Versuch, das natürliche und das künstliche zu vereinen.<br />
Fotograf<br />
Christian Strassegger sieht die Welt mit den Augen eines kleinen Prinzen auf langen Beinen. Seine Perspektive fällt gleichermaßen auf die Schönheit der Natur, wie auf die Probleme, die unsere Zeit derselben bereitet. Sein Medium ist das Sichtbare. Die Blickpunkte, die er in seiner künstlerischen Fotografie, der Land-Art und den geschickten Installationen feinzeichnet, sind nicht bloß Abbildung, sondern tragen Botschaften in sich, die der Betrachter sublim wahrnimmt.</p>
