{"id":13022,"date":"2019-06-30T10:10:30","date_gmt":"2019-06-30T08:10:30","guid":{"rendered":"http:\/\/monochrom.at\/blog\/?post_type=tribe_events&#038;p=13022"},"modified":"2022-06-22T13:35:32","modified_gmt":"2022-06-22T11:35:32","slug":"futurologisches-symposium-lindabrunn","status":"publish","type":"tribe_events","link":"https:\/\/monochrom.at\/blog\/live\/futurologisches-symposium-lindabrunn\/","title":{"rendered":"Futurologisches Symposium Lindabrunn"},"content":{"rendered":"<div class=\"kvgmc6g5 cxmmr5t8 oygrvhab hcukyx3x c1et5uql\">Mo 17. bis So 30. Juni: kontinuierliche k\u00fcnstlerische Symposiumsarbeit 29. Juni ab 17 Uhr: Pr\u00e4sentation der entstandenen Arbeiten und weiteres k\u00fcnstlerisches Programm.<\/div>\n<div><\/div>\n<div class=\"cxmmr5t8 oygrvhab hcukyx3x c1et5uql o9v6fnle\">2019 feiert der Verein Symposion Lindabrunn sein 50-j\u00e4hriges Bestehen. Gegr\u00fcndet wurde das Symposion an der Schnittstelle zwischen Akademischer Kunst, dem Kunstmarkt und dem absoluten Freiraum. Mit dem Futurologischen Symposium Lindabrunn m\u00f6chten wir den Gr\u00fcndungsgedanken des Symposions wieder aufgreifen und f\u00fcr 14 Tage K\u00fcnstlerInnen nach Lindabrunn einladen, um sich mit zukunftsweisenden Konzepten und Ideen alternativer Lebensformen, wie dem Kunstformat \u201etransbionica\u201c, dem Rezeptionsformat \u201edidactica\u201c, dem \u201eNomadMuseum\u201c oder den \u201eCAL-Container-Art-Laboratories\u201c, die das umraum artcollectiv in den letzten 20 Jahren entwickelt hat, auseinanderzusetzen. Darauf aufbauend erarbeiten die eingeladenen K\u00fcnstlerInnen neue Objekte und Installationen f\u00fcr das Gel\u00e4nde des Symposions. Am Ende des zweiw\u00f6chigen Aufenthaltes werden diese Arbeiten in einem \u00f6ffentlichen Abschlusssymposion vorgestellt und sollen als Wegweiser in die n\u00e4chsten Jahrzehnte des Symposions dienen. Das Symposion Lindabrunn wird damit einmal mehr seiner Rolle als Schnittstelle zwischen Kunst in der Region und in der Stadt, zwischen Vergangenheit und Zukunft und als Kommunikationsknotenpunkt gerecht.<\/div>\n<div><\/div>\n<div class=\"cxmmr5t8 oygrvhab hcukyx3x c1et5uql o9v6fnle\">Ein Projekt im Rahmen des Viertelfestival Nieder\u00f6sterreich &#8211; Industrieviertel 2019.<\/div>\n<div class=\"cxmmr5t8 oygrvhab hcukyx3x c1et5uql o9v6fnle\">U.a. teilnehmende K\u00fcnstler_innen:\u00a0Judith Fegerl,\u00a0Karin Frank,\u00a0Chri Strassegger,\u00a0Christoph Weber<br \/>\nSymposiarch:\u00a0G\u00fcnther Friesinger<\/div>\n","protected":false},"excerpt":{"rendered":"<p>Mo 17. bis So 30. Juni: kontinuierliche k\u00fcnstlerische Symposiumsarbeit 29. Juni ab 17 Uhr: Pr\u00e4sentation der entstandenen Arbeiten und weiteres k\u00fcnstlerisches Programm.<\/p>\n<p>2019 feiert der Verein Symposion Lindabrunn sein 50-j\u00e4hriges Bestehen. Gegr\u00fcndet wurde das Symposion an der Schnittstelle zwischen Akademischer Kunst, dem Kunstmarkt und dem absoluten Freiraum. Mit dem Futurologischen Symposium Lindabrunn m\u00f6chten wir den Gr\u00fcndungsgedanken des Symposions wieder aufgreifen und f\u00fcr 14 Tage K\u00fcnstlerInnen nach Lindabrunn einladen, um sich mit zukunftsweisenden Konzepten und Ideen alternativer Lebensformen, wie dem Kunstformat \u201etransbionica\u201c, dem Rezeptionsformat \u201edidactica\u201c, dem \u201eNomadMuseum\u201c oder den \u201eCAL-Container-Art-Laboratories\u201c, die das umraum artcollectiv in den letzten 20 Jahren entwickelt hat, auseinanderzusetzen. Darauf aufbauend erarbeiten die eingeladenen K\u00fcnstlerInnen neue Objekte und Installationen f\u00fcr das Gel\u00e4nde des Symposions. Am Ende des zweiw\u00f6chigen Aufenthaltes werden diese Arbeiten in einem \u00f6ffentlichen Abschlusssymposion vorgestellt und sollen als Wegweiser in die n\u00e4chsten Jahrzehnte des Symposions dienen. Das Symposion Lindabrunn wird damit einmal mehr seiner Rolle als Schnittstelle zwischen Kunst in der Region und in der Stadt, zwischen Vergangenheit und Zukunft und als Kommunikationsknotenpunkt gerecht.<\/p>\n<p>Ein Projekt im Rahmen des Viertelfestival Nieder\u00f6sterreich &#8211; Industrieviertel 2019.<br \/>\nU.a. teilnehmende K\u00fcnstler_innen:\u00a0Judith Fegerl,\u00a0Karin Frank,\u00a0Chri Strassegger,\u00a0Christoph Weber<br \/>\nSymposiarch:\u00a0G\u00fcnther Friesinger<\/p>\n","protected":false},"author":5,"featured_media":0,"template":"","meta":{"koromo_page_header":"","_tribe_events_status":"","_tribe_events_status_reason":"","footnotes":""},"tags":[],"tribe_events_cat":[41],"class_list":["post-13022","tribe_events","type-tribe_events","status-publish","hentry","tribe_events_cat-event","cat_event"],"_links":{"self":[{"href":"https:\/\/monochrom.at\/blog\/wp-json\/wp\/v2\/tribe_events\/13022","targetHints":{"allow":["GET"]}}],"collection":[{"href":"https:\/\/monochrom.at\/blog\/wp-json\/wp\/v2\/tribe_events"}],"about":[{"href":"https:\/\/monochrom.at\/blog\/wp-json\/wp\/v2\/types\/tribe_events"}],"author":[{"embeddable":true,"href":"https:\/\/monochrom.at\/blog\/wp-json\/wp\/v2\/users\/5"}],"version-history":[{"count":1,"href":"https:\/\/monochrom.at\/blog\/wp-json\/wp\/v2\/tribe_events\/13022\/revisions"}],"predecessor-version":[{"id":13023,"href":"https:\/\/monochrom.at\/blog\/wp-json\/wp\/v2\/tribe_events\/13022\/revisions\/13023"}],"wp:attachment":[{"href":"https:\/\/monochrom.at\/blog\/wp-json\/wp\/v2\/media?parent=13022"}],"wp:term":[{"taxonomy":"post_tag","embeddable":true,"href":"https:\/\/monochrom.at\/blog\/wp-json\/wp\/v2\/tags?post=13022"},{"taxonomy":"tribe_events_cat","embeddable":true,"href":"https:\/\/monochrom.at\/blog\/wp-json\/wp\/v2\/tribe_events_cat?post=13022"}],"curies":[{"name":"wp","href":"https:\/\/api.w.org\/{rel}","templated":true}]}}

<div class="kvgmc6g5 cxmmr5t8 oygrvhab hcukyx3x c1et5uql">Mo 17. bis So 30. Juni: kontinuierliche künstlerische Symposiumsarbeit 29. Juni ab 17 Uhr: Präsentation der entstandenen Arbeiten und weiteres künstlerisches Programm.</div>
<div></div>
<div class="cxmmr5t8 oygrvhab hcukyx3x c1et5uql o9v6fnle">2019 feiert der Verein Symposion Lindabrunn sein 50-jähriges Bestehen. Gegründet wurde das Symposion an der Schnittstelle zwischen Akademischer Kunst, dem Kunstmarkt und dem absoluten Freiraum. Mit dem Futurologischen Symposium Lindabrunn möchten wir den Gründungsgedanken des Symposions wieder aufgreifen und für 14 Tage KünstlerInnen nach Lindabrunn einladen, um sich mit zukunftsweisenden Konzepten und Ideen alternativer Lebensformen, wie dem Kunstformat „transbionica“, dem Rezeptionsformat „didactica“, dem „NomadMuseum“ oder den „CAL-Container-Art-Laboratories“, die das umraum artcollectiv in den letzten 20 Jahren entwickelt hat, auseinanderzusetzen. Darauf aufbauend erarbeiten die eingeladenen KünstlerInnen neue Objekte und Installationen für das Gelände des Symposions. Am Ende des zweiwöchigen Aufenthaltes werden diese Arbeiten in einem öffentlichen Abschlusssymposion vorgestellt und sollen als Wegweiser in die nächsten Jahrzehnte des Symposions dienen. Das Symposion Lindabrunn wird damit einmal mehr seiner Rolle als Schnittstelle zwischen Kunst in der Region und in der Stadt, zwischen Vergangenheit und Zukunft und als Kommunikationsknotenpunkt gerecht.</div>
<div></div>
<div class="cxmmr5t8 oygrvhab hcukyx3x c1et5uql o9v6fnle">Ein Projekt im Rahmen des Viertelfestival Niederösterreich &#8211; Industrieviertel 2019.</div>
<div class="cxmmr5t8 oygrvhab hcukyx3x c1et5uql o9v6fnle">U.a. teilnehmende Künstler_innen: Judith Fegerl, Karin Frank, Chri Strassegger, Christoph Weber<br />
Symposiarch: Günther Friesinger</div>

<p>Mo 17. bis So 30. Juni: kontinuierliche künstlerische Symposiumsarbeit 29. Juni ab 17 Uhr: Präsentation der entstandenen Arbeiten und weiteres künstlerisches Programm.</p>
<p>2019 feiert der Verein Symposion Lindabrunn sein 50-jähriges Bestehen. Gegründet wurde das Symposion an der Schnittstelle zwischen Akademischer Kunst, dem Kunstmarkt und dem absoluten Freiraum. Mit dem Futurologischen Symposium Lindabrunn möchten wir den Gründungsgedanken des Symposions wieder aufgreifen und für 14 Tage KünstlerInnen nach Lindabrunn einladen, um sich mit zukunftsweisenden Konzepten und Ideen alternativer Lebensformen, wie dem Kunstformat „transbionica“, dem Rezeptionsformat „didactica“, dem „NomadMuseum“ oder den „CAL-Container-Art-Laboratories“, die das umraum artcollectiv in den letzten 20 Jahren entwickelt hat, auseinanderzusetzen. Darauf aufbauend erarbeiten die eingeladenen KünstlerInnen neue Objekte und Installationen für das Gelände des Symposions. Am Ende des zweiwöchigen Aufenthaltes werden diese Arbeiten in einem öffentlichen Abschlusssymposion vorgestellt und sollen als Wegweiser in die nächsten Jahrzehnte des Symposions dienen. Das Symposion Lindabrunn wird damit einmal mehr seiner Rolle als Schnittstelle zwischen Kunst in der Region und in der Stadt, zwischen Vergangenheit und Zukunft und als Kommunikationsknotenpunkt gerecht.</p>
<p>Ein Projekt im Rahmen des Viertelfestival Niederösterreich &#8211; Industrieviertel 2019.<br />
U.a. teilnehmende Künstler_innen: Judith Fegerl, Karin Frank, Chri Strassegger, Christoph Weber<br />
Symposiarch: Günther Friesinger</p>
